ghest common factor of f and z.
6
Suppose -924 = 5*i - 12*i. Suppose 8*y - i = 60. Calculate the highest common factor of y and 192.
24
Suppose 2*g + 3 = 7. Suppose -g*a = d - 3*a + 5, 0 = -2*d - 3*a + 15. Suppose d = -z + 28 - 4. What is the greatest common factor of 36 and z?
12
Let w = 528 - 520. Let i = -3 - -5. What is the greatest common divisor of w and i?
2
Suppose 51*m - 1460 = 47*m. Suppose -m = -5*h + 2*h - 2*p, 5*p = 5. Suppose -w + k = -6, 10 = -3*k + 5*k. Calculate the greatest common factor of w and h.
11
Suppose -w + 3 = 2*w, 2*k = -5*w + 1989. What is the highest common factor of k and 31?
31
Suppose -54 = 5*m + 5*i + 21, 4*m + 5*i = -64. Let k = m + 11. Suppose t = 2 - k. Calculate the greatest common factor of 4 and t.
2
Let d = 204 - 90. What is the greatest common factor of 513 and d?
57
Suppose 1 = -3*g + 97. What is the highest common divisor of g and 40?
8
Let s(m) = -7 + 4*m + 2 + 0*m. Suppose 0 = 5*f - h - 16, 4*h + 0*h = 2*f + 8. Let j be s(f). What is the greatest common factor of j and 55?
11
Let x = -52 - -54. Suppose 0 = -2*v - f + 32, x*f = -5*v - f + 79. Calculate the highest common factor of 34 and v.
17
Suppose 8*x - 4*x = 6*f + 942, 3*f - 9 = 0. Calculate the highest common divisor of 64 and x.
16
Let v be (-10)/(-40) + 15/4 - -106. What is the highest common divisor of v and 10?
10
Let l = 670 + -642. What is the highest common factor of 308 and l?
28
Let t be (-5 - 2)*2/7. Let z = t + 26. What is the highest common divisor of 264 and z?
24
Let n = 6752 + -4606. Let r be (-34)/119 + n/14. Calculate the greatest common factor of 9 and r.
9
Let w(r) = 10*r**2 + 48*r + 14. Let j be w(-5). Calculate the highest common divisor of j and 6.
6
Let n be 30*((-784)/(-21))/8. What is the greatest common factor of n and 20?
20
Let y(f) = f**3 + 7*f**2 + 4*f - 7. Let i = 35 + -41. Let h be y(i). Calculate the greatest common factor of 40 and h.
5
Suppose 6*l = 22 + 2. Suppose -l*s + 28 = 4*c, 3*c - 36 = 3*s + 3. Suppose -c*u + 825 = -5*u. Calculate the greatest common divisor of u and 15.
15
Let z(t) = t**2 + 24*t + 3. Let g be z(-25). What is the highest common factor of 252 and g?
28
Let h = -10 - -10. Suppose -3*d + 0 = 5*l - 8, -5*l - 4*d + 9 = h. Let c be (l/(-3))/(5/(-345)). What is the greatest common divisor of 92 and c?
23
Let l = 333 - 265. What is the highest common divisor of l and 34?
34
Let n = -7 - -1. Let k be n/24 - -83*(-3)/(-4). Calculate the highest common factor of k and 31.
31
Let d(r) = r + 6 - 2*r - 5*r - r**2 + 9*r. Let f be d(4). What is the greatest common factor of f and 18?
2
Let q be (-69)/((-5)/165*3). What is the highest common factor of 69 and q?
69
Suppose 4*m - 1 = 19. Suppose 0 = -m*h + 2*h - 2*o - 14, -3*o = h + 7. Let z be 5/((-2 - h)/10). What is the greatest common divisor of z and 10?
5
Let s be (-32)/(-18) - (-4)/18. Let o be 4/(-8)*s*-76. Suppose 2*v + 2*c = 72, 2*v - 3*c + 4*c - o = 0. What is the greatest common factor of v and 5?
5
Suppose -5*v - 1871 = -3*c, -2971 - 172 = -5*c - 4*v. What is the highest common factor of 66 and c?
33
Suppose 12*f - 374 = -5*f. Calculate the highest common divisor of 451 and f.
11
Let y be (112/(-24))/((8/(-6))/4). Suppose 80 = k + 3*u + 32, -u + 212 = 5*k. What is the highest common factor of y and k?
14
Let b be (((-882)/(-24))/7)/(3/160). Calculate the highest common factor of b and 210.
70
Let v = -25 - -51. Suppose 2*x = -3*x + 3*r + 4671, x = 4*r + 941. Let m be x/4 - 15/(-20). Calculate the greatest common factor of m and v.
26
Let b = -20 + 43. Calculate the highest common divisor of b and 161.
23
Let a = -71 - -69. Let x be 1/a - 100/(-40). What is the highest common factor of x and 10?
2
Suppose 0 = 4*o + o. Suppose 3*l + 1 - 10 = o. Suppose -y = l*y - 192. Calculate the greatest common factor of 12 and y.
12
Let q be (7 + -578)*1*-1. Suppose 2*c - 161 - 270 = -3*r, -4*r + c = -q. What is the greatest common factor of r and 13?
13
Let d = 68 + -6. What is the greatest common factor of d and 930?
62
Let l(i) be the first derivative of -i**3/3 + 13*i**2 - 11*i + 9. Let h be l(8). What is the highest common factor of 19 and h?
19
Suppose 0 = -2*i + 3*v + 213, 3*i - i + 2*v - 188 = 0. Let c be (-12)/(-1) + (-11 - -10). Calculate the greatest common factor of c and i.
11
Let h = 193 + -6. Suppose 22*t = -2*t + 42 + 366. What is the greatest common divisor of h and t?
17
Suppose 4*r - 1328 = -4*h, 2*r + 17*h = 12*h + 661. What is the highest common factor of r and 37?
37
Let x be 6708/286 + (-6)/(-11). Let l(i) = i - 10. Let w be l(18). What is the highest common divisor of w and x?
8
Suppose 4 + 140 = 6*g. Let i(m) = -m**3 - 6*m**2 - 2. Let d be i(-6). Let t = g - d. What is the greatest common factor of t and 234?
26
Suppose 10*q - 5*q - 770 = 0. What is the highest common divisor of 14 and q?
14
Let a = -22 - -26. Suppose 4*h + 16 = 0, -6*c = -5*c - a*h - 91. What is the greatest common factor of c and 50?
25
Let u(n) = -2*n**2 - 35*n + 17. Let o be u(-18). Let h be (-2 - 16*o)*(-1)/(-2). Calculate the greatest common divisor of 21 and h.
7
Let n be ((-33)/9)/((-1)/39). Let b = 6 - 9. Let h be (b/3)/(2/(-26)). What is the greatest common factor of h and n?
13
Let v be 33/2*(-462)/(-9). Calculate the greatest common factor of 605 and v.
121
Let l = 121 - 117. Suppose -5*t = -2*x - 0*t + 155, -10 = 2*t. Suppose -l*q + x = q. Calculate the highest common divisor of q and 26.
13
Let i(m) = 11*m - 33. Let r be i(-15). Let f = 388 + r. What is the greatest common factor of f and 38?
38
Let a = 268 - 419. Let o = -103 - a. What is the highest common divisor of 32 and o?
16
Let w(k) = 2*k**3 + 30*k**2 + 56*k + 84. Let f be w(-13). Suppose 0 = 3*s + 4*c - 688, s - 216 = -2*c + 4*c. What is the highest common divisor of f and s?
32
Suppose 4*k - 4 = s, 22 = k + 2*k + 4*s. Calculate the greatest common divisor of k and 128.
2
Suppose -9*f + 36*f = 1026. Calculate the greatest common factor of 4 and f.
2
Let z = 119 + -45. Let w = 6 + z. Let y(f) = -f**2 - 34*f + 1679. Let j be y(27). What is the greatest common divisor of w and j?
16
Suppose 2*b - 7 = 11. Suppose -b + 1 = -x. Let w = -2222 - -2226. Calculate the highest common divisor of x and w.
4
Suppose -9*k + 70 = -4*k. Suppose -34 = -4*u + k. Suppose 0 = -2*w - 12 + 60. What is the greatest common divisor of w and u?
12
Let p be 2 - (2 + -3) - -257. Suppose g = -4*g + p. Let w be 0 + g - (-8 - -6). Calculate the highest common divisor of 36 and w.
18
Let l(o) = 14*o**2 + 3*o - 5. Let h be l(2). Let d = -49 + h. What is the highest common factor of d and 8?
8
Let q(h) = 2*h**3 - 55*h**2 + 27*h + 72. Let t be q(27). What is the greatest common factor of 36 and t?
36
Suppose 0 = 3*d - 2*l - 1478, 3*d + 4*l - 878 = 630. What is the highest common factor of d and 31?
31
Let h be -26*((-40)/16 + 1). Let c be (-65)/(-1) + (-1 - -1). What is the highest common factor of c and h?
13
Let a = -92 + 148. Suppose -1 = -p + 6. What is the greatest common factor of p and a?
7
Suppose 5*p - 60 = -10. What is the highest common factor of p and 20?
10
Suppose -z - 10*z = 33. Let i be 7 + 3*(z + 4). What is the greatest common divisor of 70 and i?
10
Suppose -22*i = -19*i. Let g be 13 - ((5 - 3) + i). What is the greatest common factor of 77 and g?
11
Suppose -350 = -4*f - f. Let a(q) = -q + 20. Let d be a(0). Calculate the highest common divisor of f and d.
10
Suppose -93*w - 265 = -98*w. Let z = w + -1. What is the highest common divisor of z and 13?
13
Let a = -11 - -17. Suppose 9*o - 105 = a*o. Let p = 54 + -49. Calculate the greatest common factor of p and o.
5
Let z = 220 - 99. Suppose 0 = 38*w - 8 - 410. What is the greatest common factor of w and z?
11
Suppose 162 = -5*v + 2*l, 11 = -4*l - 5. Let t = 53 + v. Calculate the greatest common factor of 95 and t.
19
Suppose 24*d - 27*d = 4*s - 3491, 0 = -5*d - 5*s + 5810. What is the highest common factor of 13 and d?
13
Suppose -35*g + 1188 = -23*g. Calculate the highest common divisor of 18 and g.
9
Let d be (-12)/(-6) + -3 + -176. Let z = 178 + d. Suppose 2 = t - 6. Calculate the highest common factor of z and t.
1
Let x be (-396)/(-24)*(-48)/(-9). What is the greatest common factor of x and 24?
8
Suppose m = -v + 2*v + 347, -4*m + 1383 = -5*v. Let i